{"id":35,"date":"2015-03-03T11:23:34","date_gmt":"2015-03-03T10:23:34","guid":{"rendered":"http:\/\/aveyron.scrabblefisf.com\/?page_id=35"},"modified":"2016-03-16T17:53:30","modified_gmt":"2016-03-16T16:53:30","slug":"presse","status":"publish","type":"page","link":"https:\/\/aveyron.scrabblepaysdoc.fr\/?page_id=35","title":{"rendered":"Articles parus en 2015"},"content":{"rendered":"<p><a href=\"http:\/\/aveyron.scrabblefisf.com\/wp-content\/uploads\/2015\/03\/Conques-arcades.png\" class=\"broken_link\"><img decoding=\"async\" loading=\"lazy\" class=\"alignnone wp-image-100\" src=\"http:\/\/aveyron.scrabblefisf.com\/wp-content\/uploads\/2015\/03\/Conques-arcades-300x219.png\" alt=\"Conques arcades\" width=\"421\" height=\"307\" srcset=\"https:\/\/aveyron.scrabblepaysdoc.fr\/wp-content\/uploads\/2015\/03\/Conques-arcades-300x219.png 300w, https:\/\/aveyron.scrabblepaysdoc.fr\/wp-content\/uploads\/2015\/03\/Conques-arcades.png 407w\" sizes=\"(max-width: 421px) 100vw, 421px\" \/><\/a><\/p>\n<p>Article dans La D\u00e9p\u00eache du Midi &#8211; <a href=\"http:\/\/www.ladepeche.fr\/article\/2015\/03\/02\/2058458-fete-du-scrabble-a-l-oustal-de-pont-les-bains.html\" target=\"_blank\">2 mars 2015<\/a><\/p>\n<p>Article dans La D\u00e9p\u00eache du Midi &#8211; <a href=\"http:\/\/www.ladepeche.fr\/article\/2015\/04\/03\/2079873-le-scrabble-etait-a-la-fete.html\" target=\"_blank\">3 avril 2015<\/a><\/p>\n","protected":false},"excerpt":{"rendered":"<p>Article dans La D\u00e9p\u00eache du Midi &#8211; 2 mars 2015 Article dans La D\u00e9p\u00eache du Midi &#8211; 3 avril 2015<\/p>\n","protected":false},"author":3,"featured_media":0,"parent":424,"menu_order":0,"comment_status":"closed","ping_status":"closed","template":"","meta":[],"_links":{"self":[{"href":"https:\/\/aveyron.scrabblepaysdoc.fr\/index.php?rest_route=\/wp\/v2\/pages\/35"}],"collection":[{"href":"https:\/\/aveyron.scrabblepaysdoc.fr\/index.php?rest_route=\/wp\/v2\/pages"}],"about":[{"href":"https:\/\/aveyron.scrabblepaysdoc.fr\/index.php?rest_route=\/wp\/v2\/types\/page"}],"author":[{"embeddable":true,"href":"https:\/\/aveyron.scrabblepaysdoc.fr\/index.php?rest_route=\/wp\/v2\/users\/3"}],"replies":[{"embeddable":true,"href":"https:\/\/aveyron.scrabblepaysdoc.fr\/index.php?rest_route=%2Fwp%2Fv2%2Fcomments&post=35"}],"version-history":[{"count":6,"href":"https:\/\/aveyron.scrabblepaysdoc.fr\/index.php?rest_route=\/wp\/v2\/pages\/35\/revisions"}],"predecessor-version":[{"id":430,"href":"https:\/\/aveyron.scrabblepaysdoc.fr\/index.php?rest_route=\/wp\/v2\/pages\/35\/revisions\/430"}],"up":[{"embeddable":true,"href":"https:\/\/aveyron.scrabblepaysdoc.fr\/index.php?rest_route=\/wp\/v2\/pages\/424"}],"wp:attachment":[{"href":"https:\/\/aveyron.scrabblepaysdoc.fr\/index.php?rest_route=%2Fwp%2Fv2%2Fmedia&parent=35"}],"curies":[{"name":"wp","href":"https:\/\/api.w.org\/{rel}","templated":true}]}}